{"id":148,"date":"2022-01-10T20:45:29","date_gmt":"2022-01-10T19:45:29","guid":{"rendered":"https:\/\/psn.cs.put.poznan.pl\/psn\/?page_id=148"},"modified":"2022-01-10T20:45:29","modified_gmt":"2022-01-10T19:45:29","slug":"psn-2016","status":"publish","type":"page","link":"https:\/\/psn.cs.put.poznan.pl\/psn\/psn-2016\/","title":{"rendered":"PSN 2016"},"content":{"rendered":"<p><strong>Wroc\u0142aw, Wroc\u0142awskie Centrum Bada\u0144 EIT+, 30 czerwca &#8211; 2 lipca 2016 r.<\/strong><\/p>\n<p>W dniach 30 czerwca \u2013 2 lipca 2016 r. we Wroc\u0142awskim Centrum Bada\u0144 EIT+ odby\u0142a si\u0119 druga edycja konferencji Polish Scientific Networks (PSN), wsp\u00f3\u0142organizowana przez Akademi\u0119 M\u0142odych Uczonych PAN, Klub Stypendyst\u00f3w Fundacji na rzecz Nauki Polskiej oraz\u00a0Ministerstwo Nauki i Szkolnictwa Wy\u017cszego. Jej celem by\u0142o stworzenie platformy u\u0142atwiaj\u0105cej wymian\u0119 do\u015bwiadcze\u0144 i nawi\u0105zanie wsp\u00f3\u0142pracy pomi\u0119dzy naukowcami a przedsi\u0119biorcami, oraz promocja w\u015br\u00f3d m\u0142odych naukowc\u00f3w alternatywnych \u015bcie\u017cek kariery \u2013 zwi\u0105zanych z przemys\u0142em i biznesem, a nie prac\u0105 akademick\u0105.<\/p>\n<p>W czasie PSN 2016 uczestnicy wys\u0142uchali wyk\u0142ad\u00f3w dotycz\u0105cych r\u00f3\u017cnych modeli innowacyjno\u015bci i wsp\u00f3\u0142pracy miedzy nauk\u0105 a biznesem. W\u015br\u00f3d wyk\u0142adowc\u00f3w znale\u017ali si\u0119 dr Grzegorz Brona (Creotech S.A., Uniwersytet Warszawski), Kuba Wygna\u0144ski (Pracownia Bada\u0144 i Innowacji Spo\u0142ecznych \u201eStocznia\u201d), prof. Piotr Garstecki (Instytut Chemii Fizycznej PAN), Micha\u0142 Lach (Startup Hub Poland) i dr Katarzyna Rogiewicz (Laboratorium Kosmetyczne Dr Irena Eris). Naukowcy i przedsi\u0119biorcy na wczesnych etapach kariery prezentowali swoje projekty b\u0105d\u017a to w formie kr\u00f3tkich prezentacji ustnych, b\u0105d\u017a na sesji plakatowej. Ostatniego dnia spotkania uczestnicy konferencji wzi\u0119li te\u017c udzia\u0142 w warsztatach prowadzonych przez osoby z do\u015bwiadczeniem biznesowym, po\u015bwi\u0119conych zak\u0142adaniu start-up\u00f3w, komunikacji mi\u0119dzy naukowcami a przedsi\u0119biorcami czy strategii ochrony w\u0142asno\u015bci intelektualnej.<\/p>\n<p>PSN 2016 stworzy\u0142 r\u00f3wnie\u017c okazj\u0119 do dyskusji na temat przysz\u0142o\u015bci innowacji oraz sposob\u00f3w wzmocnienia wsp\u00f3\u0142pracy mi\u0119dzy nauk\u0105 a biznesem. W panelach dyskusyjnych wzi\u0119li udzia\u0142 przedstawiciele instytucji pa\u0144stwowych (dr Piotr Dardzi\u0144ski, Podsekretarz Stanu w MNiSW, dr Alicja Adamczak, Prezes Urz\u0119du Patentowego RP, Monika Groszkowska, zast\u0119pca Dyrektora Departamentu Europejskiego Funduszu Spo\u0142ecznego w Ministerstwie Rozwoju), nauki (prof. Edward N\u0119cka i prof. El\u017cbieta Fr\u0105ckowiak, Wiceprezesi PAN, prof. Robert Ho\u0142yst, pe\u0142nomocnik Dyrektora IChF PAN), biznesu (Pawe\u0142 Przewi\u0119\u017alikowski, Prezes Zarz\u0105du Selvity, Maciej Sadowski, Prezes Zarz\u0105du Startup Hub Poland, Olga Malinkiewicz, Dyrektor Technologiczna Saule Technologies, Sarai Kemp, Wiceprezes Trendlines Agtech (Izrael), Igor Korczagin, Dyrektor R&amp;D Grupy PCC) i instytucji finansuj\u0105cych badania naukowe (prof. Maciej Chorowski, Dyrektor NCBiR, dr Tomasz Perkowski, Wiceprezes Zarz\u0105du Fundacji na rzecz Nauki Polskiej). Wnioski z debat zosta\u0142y podsumowane w kr\u00f3tkim dokumencie przes\u0142anym uczestnikom PSN, w tym przedstawicielom MNiSW (<a href=\"https:\/\/drive.google.com\/file\/d\/1IhRnAs-EQQfjCISioIi9UP786aBlaa7D\/view?usp=sharing\">link<\/a>). Nagrania zar\u00f3wno z sesji wyk\u0142adowych, jak i paneli dyskusyjnych, s\u0105 udost\u0119pnione w internecie.<\/p>\n<p>Opr\u00f3cz udzia\u0142u w sesjach wyk\u0142adowych i debatach, PSN umo\u017cliwi\u0142 uczestnikom bezpo\u015bredni kontakt z przedstawicielami agend finansuj\u0105cych badania stosowane w Polsce. Swoj\u0105 ofert\u0119 dotycz\u0105c\u0105 wsp\u00f3\u0142pracy nauki z biznesem i komercjalizacji wynik\u00f3w bada\u0144 przedstawi\u0142y te\u017c wiod\u0105ce polskie uczelnie i instytuty naukowe. Imprez\u0105 towarzysz\u0105c\u0105 PSN, zorganizowan\u0105 przez Wroc\u0142awskie Centrum Bada\u0144 EIT+, by\u0142a tzw. \u201eStrefa \u0141owc\u00f3w G\u0142\u00f3w\u201d, w czasie kt\u00f3rej przedstawiciele firm zainteresowanych rozwojem innowacyjno\u015bci mogli si\u0119 spotka\u0107 z naukowcami i przedstawi\u0107 im oferty zatrudnienia.<\/p>\n<p><strong>Nagrania z konferencji Polish Scientific Networks<\/strong><\/p>\n<p><a href=\"https:\/\/www.youtube.com\/watch?v=8WN01EcjuFw\" target=\"_blank\" rel=\"noopener\">Oficjalne otwarcie konferencji z udzia\u0142em przedstawicieli Ministerstwa Nauki i Szkolnictwa Wy\u017cszego, Polskiej Akademii Nauk, Fundacji na rzecz Nauki Polskiej oraz Wroc\u0142awskiego Centrum Bada\u0144 EIT+<\/a><\/p>\n<p><a href=\"https:\/\/www.youtube.com\/watch?v=JZM0xiTL9W4\" target=\"_blank\" rel=\"noopener\">Panel dyskusyjny: Jak innowacje spo\u0142eczne mog\u0105 pom\u00f3c w rozwi\u0105zywaniu problem\u00f3w cywilizacyjnych?<\/a><\/p>\n<p><a href=\"https:\/\/www.youtube.com\/watch?v=mx17dfW0V0s\" target=\"_blank\" rel=\"noopener\">Jakub (Kuba) Wygna\u0144ski, Pracownia Bada\u0144 i Innowacji Spo\u0142ecznych \u201eStocznia\u201d &#8220;Innowacje spo\u0142eczne &#8211; dla ludzi, z lud\u017ami i przez ludzi. Do czego zdolny jest t\u0142um?\u201d<\/a><\/p>\n<p><a href=\"https:\/\/www.youtube.com\/watch?v=FbSERrgy-uk\" target=\"_blank\" rel=\"noopener\">Dominik Mierzejewski &#8220;Zaplecze merytoryczne dla lokalnych dzia\u0142a\u0144 w Azji&#8221;<\/a><\/p>\n<p><a href=\"https:\/\/www.youtube.com\/watch?v=jXGtG4BweA8\" target=\"_blank\" rel=\"noopener\">dr in\u017c. Agnieszka Labus (Politechnika \u015al\u0105ska) &#8220;Laboratorium Architektury 60+&#8221;<\/a><\/p>\n<p><a href=\"https:\/\/www.youtube.com\/watch?v=hfCXNLASd98\" target=\"_blank\" rel=\"noopener\">dr Anna Jelec (Uniwersytet im. Adama Mickiewicza w Poznaniu) &#8220;Mind: Meet Metaphor&#8221;<\/a><\/p>\n<p><a href=\"https:\/\/www.youtube.com\/watch?v=445foLs-Quo\" target=\"_blank\" rel=\"noopener\">mgr in\u017c. Magdalena Wr\u00f3bel (Politechnika \u0141\u00f3dzka) &#8220;Jak zarz\u0105dza\u0107 wiedz\u0105 w procesie kszta\u0142cenia&#8221;<\/a><\/p>\n<p><a href=\"https:\/\/www.youtube.com\/watch?v=kBj6Oco29cc\" target=\"_blank\" rel=\"noopener\">dr Jacek Marczak (Wroc\u0142awskie Centrum Bada\u0144 EIT+) &#8220;Superhydrofobowe pow\u0142oki nanokompozytowe jako pasywne systemy anty-oblodzeniowe&#8221;<\/a><\/p>\n<p><a href=\"https:\/\/www.youtube.com\/watch?v=cgVygY8I2gE\" target=\"_blank\" rel=\"noopener\">prof. Artur Bartkowiak (Zachodniopomorski Uniwersytet Technologiczny w Szczecinie) &#8220;Wsp\u00f3\u0142praca nauka-gospodarka &#8211; kreowanie mody czy szycie na miar\u0119?&#8221;<\/a><\/p>\n<p><a href=\"https:\/\/www.youtube.com\/watch?v=CYs2PjIe2lY\" target=\"_blank\" rel=\"noopener\">prof. Tadeusz Uhl (Akademia G\u00f3rniczo &#8211; Hutnicza w Krakowie) &#8220;Biznes i nauka &#8211; trudna droga do sukcesu&#8221;<\/a><\/p>\n<p><a href=\"https:\/\/youtu.be\/gLLrWdK0ZKw\" target=\"_blank\" rel=\"noopener\">Discussion panel: How to build a successful collaboration between science and business?<\/a><\/p>\n<p><a href=\"https:\/\/www.youtube.com\/watch?v=TDUkfP6uoRw\" target=\"_blank\" rel=\"noopener\">Micha\u0142 Lach, Startup Hub Poland \u201eJak odnie\u015b\u0107 sukces rynkowy gdy mam tylko pomys\u0142? &#8211; case study K2, Audioteka i LangMedia\u201d<\/a><\/p>\n<p><a href=\"https:\/\/www.youtube.com\/watch?v=9m9jBD9ZEKk\" target=\"_blank\" rel=\"noopener\">dr hab. in\u017c. Grzegorz Jacek Nalepa (Uniwersytet Jagiello\u0144ski) &#8220;Affective Computing and Context-Awareness Opportunities for Pervasive Computing&#8221;<\/a><\/p>\n<p><a href=\"https:\/\/www.youtube.com\/watch?v=5HWIGXvFmrw\" target=\"_blank\" rel=\"noopener\">dr in\u017c. Szymon W\u0105sik (Politechnika Pozna\u0144ska) &#8220;Optil.io: Internetowa platforma do rozwi\u0105zywania problem\u00f3w optymalizacyjnych&#8221;<\/a><\/p>\n<p><a href=\"https:\/\/www.youtube.com\/watch?v=bBQgpUr_DYc\" target=\"_blank\" rel=\"noopener\">dr Anna Bia\u0142ek-Jaworska (Uniwersytet Warszawski) &#8220;Big Data w poszukiwaniu naukowc\u00f3w w biznesie&#8221;<\/a><\/p>\n<p><a href=\"https:\/\/www.youtube.com\/watch?v=XcQrHmynmLk\" target=\"_blank\" rel=\"noopener\">mgr in\u017c Jaros\u0142aw Kr\u00f3lewski (HG Intelligence S.A.) &#8220;Real-time actionable data. Wyzwania i trendy we wsp\u00f3\u0142czesnym marketingu&#8221;<\/a><\/p>\n<p><a href=\"https:\/\/youtu.be\/cpIsrYEQhrg\" target=\"_blank\" rel=\"noopener\">Panel dyskusyjny: Jak wykorzysta\u0107 polski potencja\u0142 naukowy w rozwoju nowoczesnych technologii?<\/a><\/p>\n<p><a href=\"http:\/\/amu.pan.pl\/wyk%C5%82ad%20plenarny%20https:\/www.youtube.com\/watch?v=90faiDeLJSw\" target=\"_blank\" rel=\"noopener\">Katarzyna Rogiewicz, Laboratorium Kosmetyczne Dr Irena Eris \u201eBudowanie wsp\u00f3\u0142pracy mi\u0119dzy Nauk\u0105 a Biznesem \u2013 czy jeszcze co\u015b mo\u017cna powiedzie\u0107?\u201d<\/a><\/p>\n<p><a href=\"https:\/\/www.youtube.com\/watch?v=E8PBxWwHE-E\" target=\"_blank\" rel=\"noopener\">dr in\u017c. Julita Kulbacka (Uniwersytet Medyczny we Wroc\u0142awiu) &#8220;Elastyczna mikrosonda do elektroporacji narz\u0105d\u00f3w wewn\u0119trznych&#8221;<\/a><\/p>\n<p><a href=\"https:\/\/www.youtube.com\/watch?v=y5ENG6suq0k\" target=\"_blank\" rel=\"noopener\">dr hab. n. med. Dorota Frydecka (Uniwersytet Medyczny we Wroc\u0142awiu) &#8220;Integracja proces\u00f3w jawnego i niejawnego przetwarzania informacji w zaburzeniach psychotycznych&#8221;<\/a><\/p>\n<p><a href=\"https:\/\/www.youtube.com\/watch?v=4Lu_aRDIr7w\" target=\"_blank\" rel=\"noopener\">dr Agnieszka Kami\u0144ska (Instytut Chemii Fizycznej PAN w Warszawie) &#8220;Spektroskopia SERS w aplikacjach medycznych i testach diagnostycznych&#8221;<\/a><\/p>\n<p><a href=\"https:\/\/www.youtube.com\/watch?v=5BGKhBgVWaI\" target=\"_blank\" rel=\"noopener\">Podsumowanie paneli dyskusyjnych i oficjalne zako\u0144czenie konferencji<\/a><\/p>\n<p><strong>Podsumowanie konferencji:<\/strong><\/p>\n<p><a href=\"http:\/\/nauka-pan.pl\/index.php\/nauka\/article\/download\/699\/722\">ANNA AJDUK \u201eJak zaprzyja\u017ani\u0107 naukowca z przedsi\u0119biorc\u0105? Konferencja Polish Scientific Networks: Science and Business\u201d (NAUKA 4\/2016)<\/a><\/p>\n<p><a href=\"http:\/\/nauka-pan.pl\/index.php\/nauka\/article\/download\/716\/739\">ANNA BIELEC, DARIUSZ JEMIELNIAK, BART\u0141OMIEJ SKOWRON \u201eInnowacje, nowe technologie, zaufanie i unikanie sytuacji niepewnych: refleksje po konferencji Polish Scientific Networks\u201d<\/a><\/p>\n","protected":false},"excerpt":{"rendered":"<p>Wroc\u0142aw, Wroc\u0142awskie Centrum Bada\u0144 EIT+, 30 czerwca &#8211; 2 lipca 2016 r. W dniach 30 czerwca \u2013 2 lipca 2016 r. we Wroc\u0142awskim Centrum Bada\u0144 EIT+ odby\u0142a si\u0119 druga edycja &#8230;<\/p>\n","protected":false},"author":1,"featured_media":0,"parent":0,"menu_order":0,"comment_status":"closed","ping_status":"closed","template":"","meta":[],"yoast_head":"<!-- This site is optimized with the Yoast SEO plugin v17.8 - https:\/\/yoast.com\/wordpress\/plugins\/seo\/ -->\n<title>PSN 2016 - Polish Scientific Network 2022<\/title>\n<meta name=\"robots\" content=\"index, follow, max-snippet:-1, max-image-preview:large, max-video-preview:-1\" \/>\n<link rel=\"canonical\" href=\"https:\/\/psn.cs.put.poznan.pl\/psn\/psn-2016\/\" \/>\n<meta property=\"og:locale\" content=\"en_US\" \/>\n<meta property=\"og:type\" content=\"article\" \/>\n<meta property=\"og:title\" content=\"PSN 2016 - Polish Scientific Network 2022\" \/>\n<meta property=\"og:description\" content=\"Wroc\u0142aw, Wroc\u0142awskie Centrum Bada\u0144 EIT+, 30 czerwca &#8211; 2 lipca 2016 r. W dniach 30 czerwca \u2013 2 lipca 2016 r. we Wroc\u0142awskim Centrum Bada\u0144 EIT+ odby\u0142a si\u0119 druga edycja ...\" \/>\n<meta property=\"og:url\" content=\"https:\/\/psn.cs.put.poznan.pl\/psn\/psn-2016\/\" \/>\n<meta property=\"og:site_name\" content=\"Polish Scientific Network 2022\" \/>\n<meta property=\"article:publisher\" content=\"https:\/\/www.facebook.com\/PolSciNet\/\" \/>\n<meta property=\"og:image\" content=\"https:\/\/psn.cs.put.poznan.pl\/psn\/wp-content\/uploads\/2021\/12\/psn_logo_512x512.png\" \/>\n\t<meta property=\"og:image:width\" content=\"512\" \/>\n\t<meta property=\"og:image:height\" content=\"512\" \/>\n<meta name=\"twitter:card\" content=\"summary_large_image\" \/>\n<meta name=\"twitter:label1\" content=\"Est. reading time\" \/>\n\t<meta name=\"twitter:data1\" content=\"5 minutes\" \/>\n<script type=\"application\/ld+json\" class=\"yoast-schema-graph\">{\"@context\":\"https:\/\/schema.org\",\"@graph\":[{\"@type\":\"Organization\",\"@id\":\"https:\/\/psn.cs.put.poznan.pl\/psn\/#organization\",\"name\":\"Polish Scientific Networks\",\"url\":\"https:\/\/psn.cs.put.poznan.pl\/psn\/\",\"sameAs\":[\"https:\/\/www.facebook.com\/PolSciNet\/\"],\"logo\":{\"@type\":\"ImageObject\",\"@id\":\"https:\/\/psn.cs.put.poznan.pl\/psn\/#logo\",\"inLanguage\":\"en-US\",\"url\":\"https:\/\/psn.cs.put.poznan.pl\/psn\/wp-content\/uploads\/2021\/12\/psn_logo_cropped_512x512.png\",\"contentUrl\":\"https:\/\/psn.cs.put.poznan.pl\/psn\/wp-content\/uploads\/2021\/12\/psn_logo_cropped_512x512.png\",\"width\":512,\"height\":512,\"caption\":\"Polish Scientific Networks\"},\"image\":{\"@id\":\"https:\/\/psn.cs.put.poznan.pl\/psn\/#logo\"}},{\"@type\":\"WebSite\",\"@id\":\"https:\/\/psn.cs.put.poznan.pl\/psn\/#website\",\"url\":\"https:\/\/psn.cs.put.poznan.pl\/psn\/\",\"name\":\"Polish Scientific Network 2022\",\"description\":\"5th PSN - Climate Change: Science &amp; Society; June 3-5, 2022, University of Wroclaw, Wroclaw, Poland\",\"publisher\":{\"@id\":\"https:\/\/psn.cs.put.poznan.pl\/psn\/#organization\"},\"potentialAction\":[{\"@type\":\"SearchAction\",\"target\":{\"@type\":\"EntryPoint\",\"urlTemplate\":\"https:\/\/psn.cs.put.poznan.pl\/psn\/?s={search_term_string}\"},\"query-input\":\"required name=search_term_string\"}],\"inLanguage\":\"en-US\"},{\"@type\":\"WebPage\",\"@id\":\"https:\/\/psn.cs.put.poznan.pl\/psn\/psn-2016\/#webpage\",\"url\":\"https:\/\/psn.cs.put.poznan.pl\/psn\/psn-2016\/\",\"name\":\"PSN 2016 - Polish Scientific Network 2022\",\"isPartOf\":{\"@id\":\"https:\/\/psn.cs.put.poznan.pl\/psn\/#website\"},\"datePublished\":\"2022-01-10T19:45:29+00:00\",\"dateModified\":\"2022-01-10T19:45:29+00:00\",\"breadcrumb\":{\"@id\":\"https:\/\/psn.cs.put.poznan.pl\/psn\/psn-2016\/#breadcrumb\"},\"inLanguage\":\"en-US\",\"potentialAction\":[{\"@type\":\"ReadAction\",\"target\":[\"https:\/\/psn.cs.put.poznan.pl\/psn\/psn-2016\/\"]}]},{\"@type\":\"BreadcrumbList\",\"@id\":\"https:\/\/psn.cs.put.poznan.pl\/psn\/psn-2016\/#breadcrumb\",\"itemListElement\":[{\"@type\":\"ListItem\",\"position\":1,\"name\":\"Home\",\"item\":\"https:\/\/psn.cs.put.poznan.pl\/psn\/\"},{\"@type\":\"ListItem\",\"position\":2,\"name\":\"PSN 2016\"}]}]}<\/script>\n<!-- \/ Yoast SEO plugin. -->","yoast_head_json":{"title":"PSN 2016 - Polish Scientific Network 2022","robots":{"index":"index","follow":"follow","max-snippet":"max-snippet:-1","max-image-preview":"max-image-preview:large","max-video-preview":"max-video-preview:-1"},"canonical":"https:\/\/psn.cs.put.poznan.pl\/psn\/psn-2016\/","og_locale":"en_US","og_type":"article","og_title":"PSN 2016 - Polish Scientific Network 2022","og_description":"Wroc\u0142aw, Wroc\u0142awskie Centrum Bada\u0144 EIT+, 30 czerwca &#8211; 2 lipca 2016 r. W dniach 30 czerwca \u2013 2 lipca 2016 r. we Wroc\u0142awskim Centrum Bada\u0144 EIT+ odby\u0142a si\u0119 druga edycja ...","og_url":"https:\/\/psn.cs.put.poznan.pl\/psn\/psn-2016\/","og_site_name":"Polish Scientific Network 2022","article_publisher":"https:\/\/www.facebook.com\/PolSciNet\/","og_image":[{"width":512,"height":512,"url":"https:\/\/psn.cs.put.poznan.pl\/psn\/wp-content\/uploads\/2021\/12\/psn_logo_512x512.png","type":"image\/png"}],"twitter_card":"summary_large_image","twitter_misc":{"Est. reading time":"5 minutes"},"schema":{"@context":"https:\/\/schema.org","@graph":[{"@type":"Organization","@id":"https:\/\/psn.cs.put.poznan.pl\/psn\/#organization","name":"Polish Scientific Networks","url":"https:\/\/psn.cs.put.poznan.pl\/psn\/","sameAs":["https:\/\/www.facebook.com\/PolSciNet\/"],"logo":{"@type":"ImageObject","@id":"https:\/\/psn.cs.put.poznan.pl\/psn\/#logo","inLanguage":"en-US","url":"https:\/\/psn.cs.put.poznan.pl\/psn\/wp-content\/uploads\/2021\/12\/psn_logo_cropped_512x512.png","contentUrl":"https:\/\/psn.cs.put.poznan.pl\/psn\/wp-content\/uploads\/2021\/12\/psn_logo_cropped_512x512.png","width":512,"height":512,"caption":"Polish Scientific Networks"},"image":{"@id":"https:\/\/psn.cs.put.poznan.pl\/psn\/#logo"}},{"@type":"WebSite","@id":"https:\/\/psn.cs.put.poznan.pl\/psn\/#website","url":"https:\/\/psn.cs.put.poznan.pl\/psn\/","name":"Polish Scientific Network 2022","description":"5th PSN - Climate Change: Science &amp; Society; June 3-5, 2022, University of Wroclaw, Wroclaw, Poland","publisher":{"@id":"https:\/\/psn.cs.put.poznan.pl\/psn\/#organization"},"potentialAction":[{"@type":"SearchAction","target":{"@type":"EntryPoint","urlTemplate":"https:\/\/psn.cs.put.poznan.pl\/psn\/?s={search_term_string}"},"query-input":"required name=search_term_string"}],"inLanguage":"en-US"},{"@type":"WebPage","@id":"https:\/\/psn.cs.put.poznan.pl\/psn\/psn-2016\/#webpage","url":"https:\/\/psn.cs.put.poznan.pl\/psn\/psn-2016\/","name":"PSN 2016 - Polish Scientific Network 2022","isPartOf":{"@id":"https:\/\/psn.cs.put.poznan.pl\/psn\/#website"},"datePublished":"2022-01-10T19:45:29+00:00","dateModified":"2022-01-10T19:45:29+00:00","breadcrumb":{"@id":"https:\/\/psn.cs.put.poznan.pl\/psn\/psn-2016\/#breadcrumb"},"inLanguage":"en-US","potentialAction":[{"@type":"ReadAction","target":["https:\/\/psn.cs.put.poznan.pl\/psn\/psn-2016\/"]}]},{"@type":"BreadcrumbList","@id":"https:\/\/psn.cs.put.poznan.pl\/psn\/psn-2016\/#breadcrumb","itemListElement":[{"@type":"ListItem","position":1,"name":"Home","item":"https:\/\/psn.cs.put.poznan.pl\/psn\/"},{"@type":"ListItem","position":2,"name":"PSN 2016"}]}]}},"_links":{"self":[{"href":"https:\/\/psn.cs.put.poznan.pl\/psn\/wp-json\/wp\/v2\/pages\/148"}],"collection":[{"href":"https:\/\/psn.cs.put.poznan.pl\/psn\/wp-json\/wp\/v2\/pages"}],"about":[{"href":"https:\/\/psn.cs.put.poznan.pl\/psn\/wp-json\/wp\/v2\/types\/page"}],"author":[{"embeddable":true,"href":"https:\/\/psn.cs.put.poznan.pl\/psn\/wp-json\/wp\/v2\/users\/1"}],"replies":[{"embeddable":true,"href":"https:\/\/psn.cs.put.poznan.pl\/psn\/wp-json\/wp\/v2\/comments?post=148"}],"version-history":[{"count":1,"href":"https:\/\/psn.cs.put.poznan.pl\/psn\/wp-json\/wp\/v2\/pages\/148\/revisions"}],"predecessor-version":[{"id":149,"href":"https:\/\/psn.cs.put.poznan.pl\/psn\/wp-json\/wp\/v2\/pages\/148\/revisions\/149"}],"wp:attachment":[{"href":"https:\/\/psn.cs.put.poznan.pl\/psn\/wp-json\/wp\/v2\/media?parent=148"}],"curies":[{"name":"wp","href":"https:\/\/api.w.org\/{rel}","templated":true}]}}